 are the prime factors of g?
19
Suppose 0 = -q, -5*s + 0*q + 9310 = -4*q. What are the prime factors of s?
2, 7, 19
Let z be ((-3)/3)/(3/9). What are the prime factors of 14 + (-1 - z) + -4?
2, 3
Let z be 8*(-3 + 4)*2. Let x = z - 10. What are the prime factors of x?
2, 3
What are the prime factors of 0 + (-1)/(-6) - 31959/(-54)?
2, 37
Let j(k) = 45*k**3 + k**2 - k - 3. Let b(s) = 30*s**3 + s**2 - s - 2. Let q(y) = -7*b(y) + 5*j(y). Let v be (1 - 2)*1 - -2. What are the prime factors of q(v)?
2, 7
Let g(p) = 5*p**2 - 1. Let m be g(-3). Let f be (8 + -5)*m/(-6). List the prime factors of (1 - 6)*f/5.
2, 11
List the prime factors of 115065/36 - (-2 - (-36)/16).
2, 17, 47
Let r = 727 - 423. Suppose 787 = 5*i + m, 0 = 6*i - 4*i + 4*m - r. List the prime factors of i.
2, 79
Let k be (-2*(-2)/(-12))/((-1)/3). List the prime factors of 159 + (k - -5) + -4 - -2.
163
Suppose 12*h - 1581 - 1035 = 0. What are the prime factors of h?
2, 109
Let a(r) = -r + 13. Let b be a(9). Suppose -p - 104 = -3*d, 3*p + 180 = d + b*d. List the prime factors of d.
3, 11
Let r(c) = -198*c + 288. List the prime factors of r(-25).
2, 3, 97
Let r = 1894 + 363. What are the prime factors of r?
37, 61
Let b = -10 - -12. Suppose 5*h + 5*w = 215, h - b*w = 12 + 25. List the prime factors of h.
41
Let d = 147 + -65. Let o = d - 20. List the prime factors of o.
2, 31
Let f = -294 + 319. What are the prime factors of f?
5
Let h = -6 + 73. Suppose -p = -38 - h. List the prime factors of p.
3, 5, 7
Suppose -10*l = 13*l - 2668. List the prime factors of l.
2, 29
Suppose 4*a = 2*a + 28. Let z = a - -1. Let g = z + -2. List the prime factors of g.
13
Let s = -533 + 543. Suppose z + 10 = 3*z. List the prime factors of s + 10/z - 3.
3
Let d = 93 - 84. Let j = 99 - d. What are the prime factors of j?
2, 3, 5
Suppose 0 = p - 29 + 86. Let m(j) = -4*j - 13. Let o be m(22). Let k = p - o. What are the prime factors of k?
2, 11
Suppose -10*u = -1631 + 351. Suppose 0*f = 2*f - u. What are the prime factors of f?
2
Let n(d) = 465*d**2 + 2*d - 8. List the prime factors of n(2).
2, 29
Let r(g) = g**2 - 4*g - 7. Let w be r(6). Suppose -210 = 2*i - w*i. List the prime factors of (64/10)/(28/i).
2
Let y(p) = -p**3 + 7*p**2 + 9*p - 1. Let d be y(8). List the prime factors of (6/d)/(6/882).
2, 3, 7
Suppose -6*c - 8125 = -11*c. List the prime factors of c.
5, 13
Let l(g) = g - 5. Let k(m) = -6. Let d(u) = -4*k(u) + 5*l(u). Let o be d(-4). What are the prime factors of 36/o*21/(-6)?
2, 3
Let h(z) = -874*z - 605. What are the prime factors of h(-6)?
4639
Suppose -4*t - 6 + 14 = 0. Suppose t*d = -d + 18. Let q = d - -1. What are the prime factors of q?
7
Suppose -4*k - h = -44, h = 3*h - 8. Let n = 12 - k. List the prime factors of (-3)/n*(-300)/18.
5
Let u be (0 + -1)*(-1 + 1). Let k = 214 + -189. Suppose -3*i + 20 + k = u. What are the prime factors of i?
3, 5
Let a = 11 + 7. Let m = a + -13. Suppose -m*z + 105 = -80. List the prime factors of z.
37
Let s(n) = -904*n - 27. List the prime factors of s(-1).
877
Let x be (-3)/(-1) + (-14)/(-7). Suppose -x = 5*u - 4*u. List the prime factors of u*((-18)/15)/3.
2
Suppose 50 = 3*m - 8*m. Let g = 14 + m. What are the prime factors of -1 - (g - 3 - 30)?
2, 7
Let w(s) be the second derivative of s**3/2 - 52*s. List the prime factors of w(11).
3, 11
List the prime factors of -4 + 4 + 1999 - 10.
3, 13, 17
Let v(g) = -2*g**3 - 2*g**2 + 162*g + 7. What are the prime factors of v(-13)?
19, 103
Let i(r) = 2*r**2 + r + 2. Let f be i(-4). Suppose f = b + 8. Suppose -b = -5*m - 3*s, -4*m + 3*s = 4*s - 19. What are the prime factors of m?
5
Let c = -1970 + 3781. What are the prime factors of c?
1811
Suppose -8*m - 3*o = -6*m - 708, 0 = -5*o - 10. What are the prime factors of m?
3, 7, 17
Suppose 4*o - 3*b = 5, b + 1 = o - 1. What are the prime factors of (-248)/(-3 - o) - 3?
11
Suppose 2*m - m = 349. Suppose 11*o - m = 630. What are the prime factors of o?
89
Suppose 0 = -3*h - 2*y + 1370, 3*y = -2*h + 297 + 618. List the prime factors of h.
2, 3, 19
Let p(j) = -51*j - 660. List the prime factors of p(-14).
2, 3
Suppose -18*z - 8 = -20*z. Suppose 3*b = r + 170, z*b - 124 = -3*r + 94. What are the prime factors of b?
2, 7
Suppose 417*o - 396*o = 17283. List the prime factors of o.
823
Suppose 5*u - 78 = 3*y + 25, -3*y + 97 = 5*u. Let z be 1/(-5) - (-424)/u. Let w = 36 - z. List the prime factors of w.
3, 5
Let w = 14 - 12. Let y(i) = 4*i - 5. Let u be y(w). Suppose -2*p + 170 = u*p. What are the prime factors of p?
2, 17
Suppose 5*t + m - 22 = -5, 3*t - 5*m - 27 = 0. Suppose 0 = t*s - 4*f - 20, -2*s - f + 4*f = -8. Suppose -s*o + 34 = -288. What are the prime factors of o?
2, 23
Suppose 0 = 3*i + n - 7, -3*i - 2*n + 5 + 3 = 0. Suppose 3 = -i*y - 0*k - 5*k, 4*y + 4*k = 24. Let v = y + -5. List the prime factors of v.
2, 3
Suppose -5*y - 110 = -5*g, 0 = 8*g - 7*g + 2*y - 28. What are the prime factors of (102 + 2)*6/g?
2, 13
Suppose -5*j + 28 - 18 = 0. Suppose 48 = 2*w - 4*d, j*d + 90 = 4*w - 0*d. List the prime factors of w.
2, 11
Let l(g) = -10*g + 35. Let m be l(5). List the prime factors of ((-76)/12 - -3)*1098/m.
2, 61
Suppose 4*f = -8, -3*s + 2*f + 1765 = -0*s. Suppose -6*y + s = -733. What are the prime factors of y?
2, 5, 11
Let h(y) = 387*y**2 + 1. Let w be h(1). Suppose 0*q - w = -4*q. Let u = q - 63. What are the prime factors of u?
2, 17
Let s(h) = 2*h**3 - 13*h**2 + 8*h + 5. Let p be s(8). Let f = p - 155. List the prime factors of f.
2, 53
Let m(z) = 8*z + 0*z**2 + 2*z**2 + 4*z**2 + 2 - 6. Let b be m(6). Suppose -5 = -h, 4*p = -p + 3*h + b. What are the prime factors of p?
5, 11
Suppose 57*z - 55476 = 21*z. List the prime factors of z.
23, 67
Let j(l) be the third derivative of -1/2*l**3 - l**2 + 0*l + 0 + 7/24*l**4. List the prime factors of j(5).
2
Suppose 32164 = 18*w - 63722. What are the prime factors of w?
7, 761
Let d be (2/6)/(1/(-993)). Let x = -636 - d. What are the prime factors of x/10*(-3 - -1)?
61
Let p be (-1 - -3)/(-2)*-2. Suppose -p*d - 3 - 21 = 0. What are the prime factors of (-32)/d*(-42)/(-4)?
2, 7
Let f = -123 + 181. List the prime factors of f.
2, 29
Suppose 4*s = -r - 82, -3*s - 2*s = r + 86. Let f = r + 117. What are the prime factors of f?
3, 17
Let d = 316 - -2630. List the prime factors of d.
2, 3, 491
Let u = 116 + -60. Let p = u - -11. List the prime factors of p.
67
Suppose 6*r - 52 + 22 = 0. Suppose -r*j = 342 - 912. What are the prime factors of j?
2, 3, 19
Let r be (10 - 5)*(2 + -1)*-9. List the prime factors of (r/(-4))/((-3)/(-8)).
2, 3, 5
Let y(m) be the third derivative of -m**4/12 - m**3/2 + m**2. Let g be y(-6). Suppose -2*u = 5*z - 77, 4*z - 55 - g = -u. What are the prime factors of z?
17
What are the prime factors of -14 - -18 - 4/(16/(-4236))?
1063
Let w be (-1 - -1) + (-210)/(-7). Suppose i + 0 = -21. Let u = i + w. List the prime factors of u.
3
Suppose -2*j - 2*r = 64, 5*j = -r - r - 163. Let n = j + 37. Suppose -v = -n - 29. List the prime factors of v.
3, 11
Let w(u) = u**3 - u**2. Let a(r) = 5*r**3 - 9*r**2 - 11*r + 8. Let g(s) = a(s) - 4*w(s). List the prime factors of g(8).
2, 7
Let l(u) = u**2 + 4*u + 1. Let t be l(-4). Let p be (-2)/(t + (-21)/19). Let k = -9 + p. What are the prime factors of k?
2, 5
Let n(m) = 24*m - 44. What are the prime factors of n(5)?
2, 19
Suppose 0 = v - 4*a - 18, 0*v - 3*v - 5*a + 122 = 0. Suppose -2*k + v = -26. List the prime factors of k.
2, 3, 5
Suppose r - 1505 = -5*k, -4497 = -3*r - 0*k + 3*k. List the prime factors of ((-8)/(-6))/(40/r).
2, 5
Suppose -6*u = -26*u - 120. What are the prime factors of 8/u - (-11798)/51?
2, 5, 23
Let j(i) = i**2 - 2*i. Let v be j(2). Let b be (-2)/(-5) - (-288)/30. Suppose -o + b = -v*o. What are the prime factors of o?
2, 5
Suppose 0 = 2*h - 3*q + 5, 0 = -2*h + 5*q - 5 + 2. Let f = h + 9. Suppose -5*r + 5*i = -0*i - 145, f*i = r - 37. What are the prime factors of r?
3
Let v = -155 - -437. What are the prime factors of v?
2, 3, 47
Suppose -3*v = 5*x - 2*x + 45, -3*v + 4*x - 10 = 0. Let n = v + 11. Suppose -31 - n = -4*j. List the prime factors of j.
2
Let h = -162 - -228. Let q(b) = 3*b + 26. Let d be q(22). Let s = d - h. What are the prime factors of s?
2, 13
Let b(g) = g**3 + g**2 + g - 1. Let x(h) = -3*h**3 + 7*h**2 + 12*h + 4. Let a(k)